{"id":260,"date":"2020-06-23T13:55:53","date_gmt":"2020-06-23T18:55:53","guid":{"rendered":"http:\/\/mlevasseur.recherche.usherbrooke.ca\/?page_id=260"},"modified":"2023-11-23T09:35:12","modified_gmt":"2023-11-23T14:35:12","slug":"offres-de-bourses-et-stages","status":"publish","type":"page","link":"https:\/\/mlevasseur.recherche.usherbrooke.ca\/en\/offres-de-bourses-et-stages\/","title":{"rendered":"Scholarship and internship offers"},"content":{"rendered":"<p><a href=\"https:\/\/www.usherbrooke.ca\/recherche\/repertoire-de-projets-de-recherche\/?q=levasseur&amp;niveauxEtudes=2e%2Bcycle%3B3e%2Bcycle%3BStage%2Bpostdoctoral#niveauxEtudes\">Directory of research projects for which Professor M\u00e9lanie Levasseur is being recruited<\/a><\/p>\n\n\n\n<p><\/p>\n\n\n\n<p><strong>2023 recruitment fair at the University of Sherbrooke<\/strong><\/p>\n\n\n<a href=\"https:\/\/mlevasseur.recherche.usherbrooke.ca\/wp-content\/uploads\/2023\/11\/Affiche_salon_recrutement_2023_FINAL.pdf\" class=\"pdfemb-viewer\" style=\"\" data-width=\"max\" data-height=\"max\" data-toolbar=\"both\" data-toolbar-fixed=\"on\">Poster_recruitment_fair_2023_FINAL<\/a>\n<p class=\"wp-block-pdfemb-pdf-embedder-viewer\"><\/p>\n\n\n\n<p><\/p>\n\n\n\n<p><strong>Postdoctoral position: Research-action and social participation of older adults<\/strong><\/p>\n\n\n\n<p>Social participation of older adults at risk of marginalization and social exclusion: a research-action to promote a more inclusive revitalization of downtown Sherbrooke<\/p>\n\n\n\n<p><a href=\"https:\/\/mlevasseur.recherche.usherbrooke.ca\/Offres\/offre_stagePostdoctoral_RechercherAction_marginalisation_LevasseurM.pdf\">Download PDF<\/a> (French \/ English)<\/p>","protected":false},"excerpt":{"rendered":"<p>R\u00e9pertoire des projets de recherche pour lesquels Pre M\u00e9lanie Levasseur est en recrutement Salon du recrutement 2023 de l&#8217;Universit\u00e9 de Sherbrooke Offre de stage postdoctoral: Recherche-action et participation sociale des personnes a\u00een\u00e9es Participation sociale des personnes a\u00een\u00e9es \u00e0 risque de marginalisation et d\u2019exclusion sociale :une recherche-action pour favoriser une revitalisation plus inclusive du centre-ville de [&hellip;]<\/p>\n","protected":false},"author":1,"featured_media":0,"parent":0,"menu_order":0,"comment_status":"closed","ping_status":"closed","template":"","meta":{"footnotes":""},"class_list":["post-260","page","type-page","status-publish","hentry"],"_links":{"self":[{"href":"https:\/\/mlevasseur.recherche.usherbrooke.ca\/en\/wp-json\/wp\/v2\/pages\/260","targetHints":{"allow":["GET"]}}],"collection":[{"href":"https:\/\/mlevasseur.recherche.usherbrooke.ca\/en\/wp-json\/wp\/v2\/pages"}],"about":[{"href":"https:\/\/mlevasseur.recherche.usherbrooke.ca\/en\/wp-json\/wp\/v2\/types\/page"}],"author":[{"embeddable":true,"href":"https:\/\/mlevasseur.recherche.usherbrooke.ca\/en\/wp-json\/wp\/v2\/users\/1"}],"replies":[{"embeddable":true,"href":"https:\/\/mlevasseur.recherche.usherbrooke.ca\/en\/wp-json\/wp\/v2\/comments?post=260"}],"version-history":[{"count":6,"href":"https:\/\/mlevasseur.recherche.usherbrooke.ca\/en\/wp-json\/wp\/v2\/pages\/260\/revisions"}],"predecessor-version":[{"id":2005,"href":"https:\/\/mlevasseur.recherche.usherbrooke.ca\/en\/wp-json\/wp\/v2\/pages\/260\/revisions\/2005"}],"wp:attachment":[{"href":"https:\/\/mlevasseur.recherche.usherbrooke.ca\/en\/wp-json\/wp\/v2\/media?parent=260"}],"curies":[{"name":"wp","href":"https:\/\/api.w.org\/{rel}","templated":true}]}}

<p><a href="https://www.usherbrooke.ca/recherche/repertoire-de-projets-de-recherche/?q=levasseur&amp;niveauxEtudes=2e%2Bcycle%3B3e%2Bcycle%3BStage%2Bpostdoctoral#niveauxEtudes">Directory of research projects for which Professor Mélanie Levasseur is being recruited</a></p>



<p></p>



<p><strong>2023 recruitment fair at the University of Sherbrooke</strong></p>


<a href="https://mlevasseur.recherche.usherbrooke.ca/wp-content/uploads/2023/11/Affiche_salon_recrutement_2023_FINAL.pdf" class="pdfemb-viewer" style="" data-width="max" data-height="max" data-toolbar="both" data-toolbar-fixed="on">Poster_recruitment_fair_2023_FINAL</a>
<p class="wp-block-pdfemb-pdf-embedder-viewer"></p>



<p></p>



<p><strong>Postdoctoral position: Research-action and social participation of older adults</strong></p>



<p>Social participation of older adults at risk of marginalization and social exclusion: a research-action to promote a more inclusive revitalization of downtown Sherbrooke</p>



<p><a href="https://mlevasseur.recherche.usherbrooke.ca/Offres/offre_stagePostdoctoral_RechercherAction_marginalisation_LevasseurM.pdf">Download PDF</a> (French / English)</p>

<p>Répertoire des projets de recherche pour lesquels Pre Mélanie Levasseur est en recrutement Salon du recrutement 2023 de l&#8217;Université de Sherbrooke Offre de stage postdoctoral: Recherche-action et participation sociale des personnes aînées Participation sociale des personnes aînées à risque de marginalisation et d’exclusion sociale :une recherche-action pour favoriser une revitalisation plus inclusive du centre-ville de [&hellip;]</p>
